{"id":83,"date":"2008-01-05T21:13:49","date_gmt":"2008-01-05T20:13:49","guid":{"rendered":"http:\/\/www.burks.de\/burksblog\/aussteiger-wege-aus-der-rechten-szene\/"},"modified":"2020-11-13T14:19:33","modified_gmt":"2020-11-13T13:19:33","slug":"aussteiger-wege-aus-der-rechten-szene","status":"publish","type":"page","link":"https:\/\/www.burks.de\/burksblog\/aussteiger-wege-aus-der-rechten-szene","title":{"rendered":"Aussteiger &#8211; Wege aus der rechten Szene"},"content":{"rendered":"<p>Von Burkhard Schr\u00f6der<br \/>\nTaschenbuch, Ravensburger Buchverlag; Auflage: 1 (2002)<br \/>\nISBN-10: 3473581755<br \/>\nISBN-13: 978-3473581757<\/p>\n<p><em>Prolog &#8211; ausf\u00fchrliche Fassung<\/em><\/p>\n<p>Wer rassistische und antisemitische Vorurteile hat, muss nicht zur rechten Szene geh\u00f6ren. Wer aber den politischen Gegner mit Terror einsch\u00fcchtern will, wer Menschen, die vorgeblich &#8222;fremd&#8220; sind<a href=\"http:\/\/www.amazon.de\/Aussteiger-Burkhard-Schr%C3%B6der\/dp\/3473581755\/burkhardschroder\/\"><img decoding=\"async\" src=\"https:\/\/www.burks.de\/burksblog\/pix\/aussteiger_neu.jpg\" vspace=\"10\" hspace=\"10\" align=\"right\" border=\"0\" alt=\"Aussteiger\"\/><\/a> bedroht, anp\u00f6belt und sie mit Gewalt vertreiben will, wer von einer nationalen &#8222;Volksgemeinschaft&#8220; tr\u00e4umt, der passt in das tiefbraune Milieu. Und wer von einer Wiedergeburt des nationalen Sozialismus tr\u00e4umt, der ist ein Neonazi. Davon gibt es mehrere Zehntausend in Deutschland, nicht nur Jugendliche mit dem typischen &#8222;Skinhead&#8220;-Outfit, sondern genug \u00c4ltere, Unbelehrbare, die andere verf\u00fchren und in den rechten Sumpf hineinziehen wollen. Wer als Heranwachsender unter den Einfluss rechter Demagogen ger\u00e4t, ist Argumenten kaum noch zug\u00e4nglich, der \u00fcbernimmt irgendwann widerspruchslos jede Propaganda der Szene, mag sie auch noch so dumm und bar jeder historischen Fakten sein.<\/p>\n<p>Das rechte und neonazistische Milieu ist nicht immer straff organisiert. Einzelne Wortf\u00fchrer und Drahzieher arbeiten seit vielen Jahren daran, immer neuen Nachwuchs heranzuziehen, aber die kleinen politischen Parteien am rechten Rand der Gesellschaft bilden nur eine Art Durchlauferhitzer f\u00fcr rassistische Einstellungen. Viele, die in diese TitelblattSzene hineingeraten sind, wechseln von einer Gruppe in die andere, ohne sich um theoretische Diskussionen viel zu k\u00fcmmern. Was z\u00e4hlt, ist der angebliche Zusammenhalt der&#8220;Kameradschaft&#8220;, die &#8222;Action&#8220;, der gemeinsame Besuch von Konzerten rechter Bands, punktuelle Gewalt auf der Stra\u00dfe gegen Linke und Menschen, die die Neonazis f\u00fcr Ausl\u00e4nder halten wie zum Beispiel Afrodeutsche.<\/p>\n<p>Wer aus diesem Milieu aussteigt, zieht sich meistens ins Privatleben zur\u00fcck und meidet die Gewalt, die politische Meinung \u00e4ndert sich jedoch nicht. Die wenigen Aussteiger, die ihren Schritt \u00f6ffentlich gemacht haben, haben \u00fcber ihre Vergangenheit und die Motive nachgedacht und versucht zu verstehen, warum sie ihre Meinung ge\u00e4ndert haben. Einige vermarkten sich, andere verhalten sich still und versuchen gar, die ehemaligen &#8222;Kameraden&#8220; davon zu \u00fcberzeugen, dass ihr Weg der falsche ist. Wieder andere wollen vom braunen Milieu gar nichts mehr wissen, vielleicht auch aus Scham, den Unfug, der dort gepredigt wird, ohne Widerspruch hingenommen zu haben. Programme, gar von staatlicher Seite, haben jedoch noch niemanden dazu gebracht, seine politischen Irrtumer einzusehen. Einem Aussteiger aus der Neonazi-Szene kann kein Au\u00dfenstehender helfen. Der Weg aus diesem sekten\u00e4hlichen Milieu hinaus dauert lange, manchmal Jahre, und ist schwierig, weil kaum jemand nachvollziehen kann, was im Inneren vorgeht.<iframe style=\"width:120px;height:240px;\" marginwidth=\"10\" marginheight=\"10\" align=\"right\" scrolling=\"no\" frameborder=\"0\" src=\"\/\/ws-eu.amazon-adsystem.com\/widgets\/q?ServiceVersion=20070822&amp;OneJS=1&amp;Operation=GetAdHtml&amp;MarketPlace=DE&amp;source=ac&amp;ref=qf_sp_asin_til&amp;ad_type=product_link&amp;tracking_id=burkhardschroder&amp;marketplace=amazon&amp;region=DE&amp;placement=3473581755&amp;asins=3473581755&amp;linkId=AQHECEJP6BRL4PGA&amp;show_border=false&amp;link_opens_in_new_window=true\"><br \/>\n<\/iframe><\/p>\n<p>Dieses Buch schildert die Lebensgeschichten von vier f\u00fchrenden Neonazis, drei von ihnen stammen aus den neuen Bundesl\u00e4ndern. Ingo Hasselbach, der prominenteste unter ihnen, war \u00fcber Jahre Dauergast in Talkshows und in allen Medien pr\u00e4sent. Er hat selbst zwei B\u00fccher geschrieben. Jemand, der seine Biografie kennt und schon vor seinem Ausstieg einen Einblick in das Milieu hatte, in dem er verkehrte, sieht viele Dinge unter einem anderen Blickwinkel. Nicht alles, was in den Medien \u00fcber ihn gesagt wurde und wird, entspricht den Tatsachen.<\/p>\n<p>Die anderen drei Aussteiger haben sich bisher \u00f6ffentlich nicht pr\u00e4sentiert, obwohl sie in der rechten Szene \u00fcberregional bekannt waren und zahlreiche jugendliche Sympathisanten und Mitl\u00e4ufer \u00fcber Jahre aufgehetzt und in neonazistische Organisationen eingebunden haben. Detlef Nolde war mehr als zehn Jahre fanatischer Nationalsozialist, Aktivist der heute verbotenen FAP, Organisator der so genannten Anti-Antifa und Anf\u00fchrer mehrerer &#8222;Kameradschaften&#8220; in Berlin, der er selbst gegr\u00fcndet hatte. Danny Th\u00fcring stammt aus Wittenberg in Sachsen-Anhalt und lebt heute als erfolgreicher Computer- und Multimedia-Spezialist in Frankfurt am Main. Es f\u00fchrt kein gerader und logischer Weg vom Neonazi-&#8222;Kameradschaftsf\u00fchrer&#8220; aus Sachsen-Anhalt zum politisch links denkenden Webdesigner in Hessen. Th\u00fcring hat sich, ohne dass er mit jemandem dar\u00fcber reden konnte, f\u00fcr den Ausstieg aus der Neonazi-Szene entschieden, ohne vorher zu wissen, dass das nur Vorteile f\u00fcr ihn haben w\u00fcrde.<\/p>\n<p>Michael Petri aus Hessen hat mit seiner Vergangenheit restlos abgeschlossen und l\u00e4sst sich ungern daran erinnern. Petri widerlegt alle Legenden vom dummen Jungen aus problematischem Elternhaus, der, wie viele Sozialarbeiter meinen, aus &#8222;Orientierungslosigkeit&#8220; oder &#8222;Frust&#8220; beinahe automatisch zum Rassisten und Antisemiten hat werden m\u00fcssen. Alles das trifft auf ihn nicht zu. Nichts in seiner Biografie lie\u00df seine Neonazi-Karriere erahnen. Das stimmt auch nachdenklich: Wenn es keine hinreichenden Indizien daf\u00fcr gibt, wenn man nichts dar\u00fcber sagen kann, wann es wahrscheinlich ist, dass jemand in das ultrarechte Milieu geraten kann, wenn er nur die &#8222;falschen&#8220; Leute kennenlernt &#8211; dann gib es keine Garantie daf\u00fcr, dass Jugendliche, die ohne sichtbare Probleme aufwachsen, nicht auch gef\u00e4hrdet sein k\u00f6nnten, in die falsche politische Richtung abzudriften.<\/p>\n<p>Das Buch bei <a href=\"http:\/\/www.amazon.de\/exec\/obidos\/ASIN\/3473581755\/burkhardschroder\">Amazon<\/a> direkt bestellen!<br \/>\n&#8211; <a href=\"http:\/\/www.ravensburger.de\/\">Ravensburger-Verlag<\/a><br \/>\n&#8211; <a href=\"http:\/\/www.imdb.com\/title\/tt0280881\/\">Lost Sons<\/a> &#8211; Film von Fredrik von Krusenstjerna (2000)<br \/>\n&#8211; Fotos (ausser Th\u00fcring und Petri): <a href=\"http:\/\/www.gustfoto.de\/\">Dietmar Gust<\/a>.<br \/>\n&#8211; <a href=\"http:\/\/dw-world.de\/german\/0,3367,1454_A_503885,00.html\">Fischen im braunen Teich<\/a> &#8211; Deutsche Welle, 10.06.2002<br \/>\n&#8211; <a href=\"http:\/\/www.taz.de\/index.php?id=archivseite&amp;dig=2002\/06\/06\/a0151\">&#8222;Kein politisches Konzept&#8220;<\/a> &#8211; Interview in der taz, 06.06.2002<br \/>\n&#8211; <a href=\"http:\/\/www.burks.de\/artikel\/tsp2207.html\">Der Computer, der Kamerad<\/a> &#8211; \u00fcber Danny Th\u00fcring, Tagesspiegel, 22.07.1999<br \/>\n&#8211; <a href=\"http:\/\/www.burks.de\/artikel\/petri.html\">Nicht die rechte Verbindung<\/a> &#8211; \u00fcber Michael Petri, Tagesspiegel, 25.04.2001<br \/>\n&#8211; <a href=\"http:\/\/de.wikipedia.org\/wiki\/Ingo_Hasselbach\">Ingo Hasselbach<\/a> &#8211; Wikipedia<\/p>\n<p>Last update: 05.01.2008<\/p>\n<div class=\"pdfprnt-buttons pdfprnt-buttons-page pdfprnt-bottom-right\"><a href=\"https:\/\/www.burks.de\/burksblog\/wp-json\/wp\/v2\/pages\/83?print=pdf\" class=\"pdfprnt-button pdfprnt-button-pdf\" target=\"_blank\" ><img decoding=\"async\" src=\"https:\/\/www.burks.de\/burksblog\/wp-content\/plugins\/pdf-print\/images\/pdf.png\" alt=\"image_pdf\" title=\"PDF anzeigen\" \/><\/a><a href=\"https:\/\/www.burks.de\/burksblog\/wp-json\/wp\/v2\/pages\/83?print=print\" class=\"pdfprnt-button pdfprnt-button-print\" target=\"_blank\" ><img decoding=\"async\" src=\"https:\/\/www.burks.de\/burksblog\/wp-content\/plugins\/pdf-print\/images\/print.png\" alt=\"image_print\" title=\"Inhalt drucken\" \/><\/a><\/div><div class=\"twoclick_social_bookmarks_post_83 social_share_privacy clearfix 1.6.4 locale-de_DE sprite-de_DE\"><\/div><div class=\"twoclick-js\"><script type=\"text\/javascript\">\/* <![CDATA[ *\/\njQuery(document).ready(function($){if($('.twoclick_social_bookmarks_post_83')){$('.twoclick_social_bookmarks_post_83').socialSharePrivacy({\"services\":{\"facebook\":{\"status\":\"on\",\"txt_info\":\"2 Klicks f\\u00fcr mehr Datenschutz: Erst wenn Sie hier klicken, wird der Button aktiv und Sie k\\u00f6nnen Ihre Empfehlung an Facebook senden. Schon beim Aktivieren werden Daten an Dritte \\u00fcbertragen - siehe <em>i<\\\/em>.\",\"perma_option\":\"off\",\"action\":\"recommend\",\"language\":\"de_DE\"},\"twitter\":{\"reply_to\":\"\",\"tweet_text\":\"%20Aussteiger%20%E2%80%93%20Wege%20aus%20der%20rechten%20Szene%20%C2%BB%20Burks%27%20Blog%20-%20in%20dubio%20...\",\"status\":\"on\",\"txt_info\":\"2 Klicks f\\u00fcr mehr Datenschutz: Erst wenn Sie hier klicken, wird der Button aktiv und Sie k\\u00f6nnen Ihre Empfehlung an Twitter senden. Schon beim Aktivieren werden Daten an Dritte \\u00fcbertragen - siehe <em>i<\\\/em>.\",\"perma_option\":\"off\",\"language\":\"de\",\"referrer_track\":\"\"}},\"txt_help\":\"Wenn Sie diese Felder durch einen Klick aktivieren, werden Informationen an Facebook, Twitter, Flattr, Xing, t3n, LinkedIn, Pinterest oder Google eventuell ins Ausland \\u00fcbertragen und unter Umst\\u00e4nden auch dort gespeichert. N\\u00e4heres erfahren Sie durch einen Klick auf das <em>i<\\\/em>.\",\"settings_perma\":\"Dauerhaft aktivieren und Daten\\u00fcber-tragung zustimmen:\",\"info_link\":\"http:\\\/\\\/www.heise.de\\\/ct\\\/artikel\\\/2-Klicks-fuer-mehr-Datenschutz-1333879.html\",\"uri\":\"https:\\\/\\\/www.burks.de\\\/burksblog\\\/aussteiger-wege-aus-der-rechten-szene\",\"post_id\":83,\"post_title_referrer_track\":\"Aussteiger+%26%238211%3B+Wege+aus+der+rechten+Szene\",\"display_infobox\":\"on\"});}});\n\/* ]]> *\/<\/script><\/div>","protected":false},"excerpt":{"rendered":"<p>Von Burkhard Schr\u00f6der Taschenbuch, Ravensburger Buchverlag; Auflage: 1 (2002) ISBN-10: 3473581755 ISBN-13: 978-3473581757 Prolog &#8211; ausf\u00fchrliche Fassung Wer rassistische und antisemitische Vorurteile hat, muss nicht zur rechten Szene geh\u00f6ren. Wer aber den politischen Gegner mit Terror einsch\u00fcchtern will, wer Menschen, die vorgeblich &#8222;fremd&#8220; sind bedroht, anp\u00f6belt und sie mit Gewalt vertreiben will, wer von einer [&hellip;]<\/p>\n","protected":false},"author":1,"featured_media":0,"parent":0,"menu_order":0,"comment_status":"closed","ping_status":"open","template":"","meta":{"footnotes":""},"class_list":["post-83","page","type-page","status-publish","hentry"],"_links":{"self":[{"href":"https:\/\/www.burks.de\/burksblog\/wp-json\/wp\/v2\/pages\/83","targetHints":{"allow":["GET"]}}],"collection":[{"href":"https:\/\/www.burks.de\/burksblog\/wp-json\/wp\/v2\/pages"}],"about":[{"href":"https:\/\/www.burks.de\/burksblog\/wp-json\/wp\/v2\/types\/page"}],"author":[{"embeddable":true,"href":"https:\/\/www.burks.de\/burksblog\/wp-json\/wp\/v2\/users\/1"}],"replies":[{"embeddable":true,"href":"https:\/\/www.burks.de\/burksblog\/wp-json\/wp\/v2\/comments?post=83"}],"version-history":[{"count":4,"href":"https:\/\/www.burks.de\/burksblog\/wp-json\/wp\/v2\/pages\/83\/revisions"}],"predecessor-version":[{"id":42637,"href":"https:\/\/www.burks.de\/burksblog\/wp-json\/wp\/v2\/pages\/83\/revisions\/42637"}],"wp:attachment":[{"href":"https:\/\/www.burks.de\/burksblog\/wp-json\/wp\/v2\/media?parent=83"}],"curies":[{"name":"wp","href":"https:\/\/api.w.org\/{rel}","templated":true}]}}

<p>Von Burkhard Schröder<br />
Taschenbuch, Ravensburger Buchverlag; Auflage: 1 (2002)<br />
ISBN-10: 3473581755<br />
ISBN-13: 978-3473581757</p>
<p><em>Prolog &#8211; ausführliche Fassung</em></p>
<p>Wer rassistische und antisemitische Vorurteile hat, muss nicht zur rechten Szene gehören. Wer aber den politischen Gegner mit Terror einschüchtern will, wer Menschen, die vorgeblich &#8222;fremd&#8220; sind<a href="http://www.amazon.de/Aussteiger-Burkhard-Schr%C3%B6der/dp/3473581755/burkhardschroder/"><img decoding="async" src="https://www.burks.de/burksblog/pix/aussteiger_neu.jpg" vspace="10" hspace="10" align="right" border="0" alt="Aussteiger"/></a> bedroht, anpöbelt und sie mit Gewalt vertreiben will, wer von einer nationalen &#8222;Volksgemeinschaft&#8220; träumt, der passt in das tiefbraune Milieu. Und wer von einer Wiedergeburt des nationalen Sozialismus träumt, der ist ein Neonazi. Davon gibt es mehrere Zehntausend in Deutschland, nicht nur Jugendliche mit dem typischen &#8222;Skinhead&#8220;-Outfit, sondern genug Ältere, Unbelehrbare, die andere verführen und in den rechten Sumpf hineinziehen wollen. Wer als Heranwachsender unter den Einfluss rechter Demagogen gerät, ist Argumenten kaum noch zugänglich, der übernimmt irgendwann widerspruchslos jede Propaganda der Szene, mag sie auch noch so dumm und bar jeder historischen Fakten sein.</p>
<p>Das rechte und neonazistische Milieu ist nicht immer straff organisiert. Einzelne Wortführer und Drahzieher arbeiten seit vielen Jahren daran, immer neuen Nachwuchs heranzuziehen, aber die kleinen politischen Parteien am rechten Rand der Gesellschaft bilden nur eine Art Durchlauferhitzer für rassistische Einstellungen. Viele, die in diese TitelblattSzene hineingeraten sind, wechseln von einer Gruppe in die andere, ohne sich um theoretische Diskussionen viel zu kümmern. Was zählt, ist der angebliche Zusammenhalt der&#8220;Kameradschaft&#8220;, die &#8222;Action&#8220;, der gemeinsame Besuch von Konzerten rechter Bands, punktuelle Gewalt auf der Straße gegen Linke und Menschen, die die Neonazis für Ausländer halten wie zum Beispiel Afrodeutsche.</p>
<p>Wer aus diesem Milieu aussteigt, zieht sich meistens ins Privatleben zurück und meidet die Gewalt, die politische Meinung ändert sich jedoch nicht. Die wenigen Aussteiger, die ihren Schritt öffentlich gemacht haben, haben über ihre Vergangenheit und die Motive nachgedacht und versucht zu verstehen, warum sie ihre Meinung geändert haben. Einige vermarkten sich, andere verhalten sich still und versuchen gar, die ehemaligen &#8222;Kameraden&#8220; davon zu überzeugen, dass ihr Weg der falsche ist. Wieder andere wollen vom braunen Milieu gar nichts mehr wissen, vielleicht auch aus Scham, den Unfug, der dort gepredigt wird, ohne Widerspruch hingenommen zu haben. Programme, gar von staatlicher Seite, haben jedoch noch niemanden dazu gebracht, seine politischen Irrtumer einzusehen. Einem Aussteiger aus der Neonazi-Szene kann kein Außenstehender helfen. Der Weg aus diesem sektenählichen Milieu hinaus dauert lange, manchmal Jahre, und ist schwierig, weil kaum jemand nachvollziehen kann, was im Inneren vorgeht.<iframe style="width:120px;height:240px;" marginwidth="10" marginheight="10" align="right" scrolling="no" frameborder="0" src="//ws-eu.amazon-adsystem.com/widgets/q?ServiceVersion=20070822&amp;OneJS=1&amp;Operation=GetAdHtml&amp;MarketPlace=DE&amp;source=ac&amp;ref=qf_sp_asin_til&amp;ad_type=product_link&amp;tracking_id=burkhardschroder&amp;marketplace=amazon&amp;region=DE&amp;placement=3473581755&amp;asins=3473581755&amp;linkId=AQHECEJP6BRL4PGA&amp;show_border=false&amp;link_opens_in_new_window=true"><br />
</iframe></p>
<p>Dieses Buch schildert die Lebensgeschichten von vier führenden Neonazis, drei von ihnen stammen aus den neuen Bundesländern. Ingo Hasselbach, der prominenteste unter ihnen, war über Jahre Dauergast in Talkshows und in allen Medien präsent. Er hat selbst zwei Bücher geschrieben. Jemand, der seine Biografie kennt und schon vor seinem Ausstieg einen Einblick in das Milieu hatte, in dem er verkehrte, sieht viele Dinge unter einem anderen Blickwinkel. Nicht alles, was in den Medien über ihn gesagt wurde und wird, entspricht den Tatsachen.</p>
<p>Die anderen drei Aussteiger haben sich bisher öffentlich nicht präsentiert, obwohl sie in der rechten Szene überregional bekannt waren und zahlreiche jugendliche Sympathisanten und Mitläufer über Jahre aufgehetzt und in neonazistische Organisationen eingebunden haben. Detlef Nolde war mehr als zehn Jahre fanatischer Nationalsozialist, Aktivist der heute verbotenen FAP, Organisator der so genannten Anti-Antifa und Anführer mehrerer &#8222;Kameradschaften&#8220; in Berlin, der er selbst gegründet hatte. Danny Thüring stammt aus Wittenberg in Sachsen-Anhalt und lebt heute als erfolgreicher Computer- und Multimedia-Spezialist in Frankfurt am Main. Es führt kein gerader und logischer Weg vom Neonazi-&#8222;Kameradschaftsführer&#8220; aus Sachsen-Anhalt zum politisch links denkenden Webdesigner in Hessen. Thüring hat sich, ohne dass er mit jemandem darüber reden konnte, für den Ausstieg aus der Neonazi-Szene entschieden, ohne vorher zu wissen, dass das nur Vorteile für ihn haben würde.</p>
<p>Michael Petri aus Hessen hat mit seiner Vergangenheit restlos abgeschlossen und lässt sich ungern daran erinnern. Petri widerlegt alle Legenden vom dummen Jungen aus problematischem Elternhaus, der, wie viele Sozialarbeiter meinen, aus &#8222;Orientierungslosigkeit&#8220; oder &#8222;Frust&#8220; beinahe automatisch zum Rassisten und Antisemiten hat werden müssen. Alles das trifft auf ihn nicht zu. Nichts in seiner Biografie ließ seine Neonazi-Karriere erahnen. Das stimmt auch nachdenklich: Wenn es keine hinreichenden Indizien dafür gibt, wenn man nichts darüber sagen kann, wann es wahrscheinlich ist, dass jemand in das ultrarechte Milieu geraten kann, wenn er nur die &#8222;falschen&#8220; Leute kennenlernt &#8211; dann gib es keine Garantie dafür, dass Jugendliche, die ohne sichtbare Probleme aufwachsen, nicht auch gefährdet sein könnten, in die falsche politische Richtung abzudriften.</p>
<p>Das Buch bei <a href="http://www.amazon.de/exec/obidos/ASIN/3473581755/burkhardschroder">Amazon</a> direkt bestellen!<br />
&#8211; <a href="http://www.ravensburger.de/">Ravensburger-Verlag</a><br />
&#8211; <a href="http://www.imdb.com/title/tt0280881/">Lost Sons</a> &#8211; Film von Fredrik von Krusenstjerna (2000)<br />
&#8211; Fotos (ausser Thüring und Petri): <a href="http://www.gustfoto.de/">Dietmar Gust</a>.<br />
&#8211; <a href="http://dw-world.de/german/0,3367,1454_A_503885,00.html">Fischen im braunen Teich</a> &#8211; Deutsche Welle, 10.06.2002<br />
&#8211; <a href="http://www.taz.de/index.php?id=archivseite&amp;dig=2002/06/06/a0151">&#8222;Kein politisches Konzept&#8220;</a> &#8211; Interview in der taz, 06.06.2002<br />
&#8211; <a href="http://www.burks.de/artikel/tsp2207.html">Der Computer, der Kamerad</a> &#8211; über Danny Thüring, Tagesspiegel, 22.07.1999<br />
&#8211; <a href="http://www.burks.de/artikel/petri.html">Nicht die rechte Verbindung</a> &#8211; über Michael Petri, Tagesspiegel, 25.04.2001<br />
&#8211; <a href="http://de.wikipedia.org/wiki/Ingo_Hasselbach">Ingo Hasselbach</a> &#8211; Wikipedia</p>
<p>Last update: 05.01.2008</p>
<div class="pdfprnt-buttons pdfprnt-buttons-page pdfprnt-bottom-right"><a href="https://www.burks.de/burksblog/wp-json/wp/v2/pages/83?print=pdf" class="pdfprnt-button pdfprnt-button-pdf" target="_blank" ><img decoding="async" src="https://www.burks.de/burksblog/wp-content/plugins/pdf-print/images/pdf.png" alt="image_pdf" title="PDF anzeigen" /></a><a href="https://www.burks.de/burksblog/wp-json/wp/v2/pages/83?print=print" class="pdfprnt-button pdfprnt-button-print" target="_blank" ><img decoding="async" src="https://www.burks.de/burksblog/wp-content/plugins/pdf-print/images/print.png" alt="image_print" title="Inhalt drucken" /></a></div><div class="twoclick_social_bookmarks_post_83 social_share_privacy clearfix 1.6.4 locale-de_DE sprite-de_DE"></div><div class="twoclick-js"><script type="text/javascript">/* <![CDATA[ */
jQuery(document).ready(function($){if($('.twoclick_social_bookmarks_post_83')){$('.twoclick_social_bookmarks_post_83').socialSharePrivacy({"services":{"facebook":{"status":"on","txt_info":"2 Klicks f\u00fcr mehr Datenschutz: Erst wenn Sie hier klicken, wird der Button aktiv und Sie k\u00f6nnen Ihre Empfehlung an Facebook senden. Schon beim Aktivieren werden Daten an Dritte \u00fcbertragen - siehe <em>i<\/em>.","perma_option":"off","action":"recommend","language":"de_DE"},"twitter":{"reply_to":"","tweet_text":"%20Aussteiger%20%E2%80%93%20Wege%20aus%20der%20rechten%20Szene%20%C2%BB%20Burks%27%20Blog%20-%20in%20dubio%20...","status":"on","txt_info":"2 Klicks f\u00fcr mehr Datenschutz: Erst wenn Sie hier klicken, wird der Button aktiv und Sie k\u00f6nnen Ihre Empfehlung an Twitter senden. Schon beim Aktivieren werden Daten an Dritte \u00fcbertragen - siehe <em>i<\/em>.","perma_option":"off","language":"de","referrer_track":""}},"txt_help":"Wenn Sie diese Felder durch einen Klick aktivieren, werden Informationen an Facebook, Twitter, Flattr, Xing, t3n, LinkedIn, Pinterest oder Google eventuell ins Ausland \u00fcbertragen und unter Umst\u00e4nden auch dort gespeichert. N\u00e4heres erfahren Sie durch einen Klick auf das <em>i<\/em>.","settings_perma":"Dauerhaft aktivieren und Daten\u00fcber-tragung zustimmen:","info_link":"http:\/\/www.heise.de\/ct\/artikel\/2-Klicks-fuer-mehr-Datenschutz-1333879.html","uri":"https:\/\/www.burks.de\/burksblog\/aussteiger-wege-aus-der-rechten-szene","post_id":83,"post_title_referrer_track":"Aussteiger+%26%238211%3B+Wege+aus+der+rechten+Szene","display_infobox":"on"});}});
/* ]]> */</script></div>

<p>Von Burkhard Schröder Taschenbuch, Ravensburger Buchverlag; Auflage: 1 (2002) ISBN-10: 3473581755 ISBN-13: 978-3473581757 Prolog &#8211; ausführliche Fassung Wer rassistische und antisemitische Vorurteile hat, muss nicht zur rechten Szene gehören. Wer aber den politischen Gegner mit Terror einschüchtern will, wer Menschen, die vorgeblich &#8222;fremd&#8220; sind bedroht, anpöbelt und sie mit Gewalt vertreiben will, wer von einer [&hellip;]</p>
