{"id":115,"date":"2008-01-12T19:55:32","date_gmt":"2008-01-12T18:55:32","guid":{"rendered":"http:\/\/www.burks.de\/burksblog\/die-konquistadoren\/"},"modified":"2022-08-22T12:53:25","modified_gmt":"2022-08-22T10:53:25","slug":"die-konquistadoren","status":"publish","type":"page","link":"https:\/\/www.burks.de\/burksblog\/die-konquistadoren","title":{"rendered":"Die Konquistadoren"},"content":{"rendered":"<p><a href=\"http:\/\/www.amazon.de\/Die-Konquistadoren-Burkhard-Schr%C3%B6der\/dp\/3499227541\/burkhardschroder\"><img decoding=\"async\" src=\"https:\/\/www.burks.de\/burksblog\/pix\/conq_neu.jpg\" vspace=\"10\" hspace=\"10\" align=\"right\" border=\"0\" alt=\"konquistadoren\"\/><\/a><br \/>\nVon Burkhard Schr\u00f6der<br \/>\nVerlag: Rowohlt Tb. (2001)<br \/>\nISBN-10: 3499227541<br \/>\nISBN-13: 978-3499227547<br \/>\nVergriffen, Ausgabe restlos verkauft<\/p>\n<ul>\n<li>Suche im <a href=\"http:\/\/www.zvab.com\/\">Zentralen Verzeichnis Antiquarischer B\u00fccher<\/a><\/li>\n<li>Gebraucht kaufen bei <a href=\"http:\/\/www.amazon.de\/Die-Konquistadoren-Burkhard-Schr%C3%B6der\/dp\/3499227541\/burkhardschroder\/\">Amazon<\/a><\/li>\n<li>&#8222;<a href=\"https:\/\/www.raamatukoi.ee\/konkistadoorid\">Konkistadoorid<\/a>&#8220; (Ausgabe in estnischer Sprache, <a href=\"http:\/\/www.burks.de\/forum\/phpBB2\/viewtopic.php?t=3607\">Raubdruck<\/a>), Odamees 2003<\/li>\n<li>Gebraucht ersteigern bei <a href=\"https:\/\/www.ebay.de\/sch\/i.html?_from=R40&amp;_trksid=m570.l1313&amp;_nkw=Die+Konquistadoren+Schr%C3%B6der&amp;_sacat=0\">eBay<\/a><\/li>\n<\/ul>\n<p><strong>Der Plot<\/strong><\/p>\n<p>Der Konzern der Welser erh\u00e4lt im 16. Jahrhundert von <a href=\"http:\/\/de.wikipedia.org\/wiki\/Karl_V._(HRR)\">Kaiser Karl V.<\/a> die Provinz Venezuela. Die <a href=\"http:\/\/de.wikipedia.org\/wiki\/Welser\">Welser<\/a> werben im Erzgebirge Bergknappen an, um in der Neuen Welt nach Gold zu suchen. Die meisten, die dem Ruf nach Gold folgen, stammen aus Orten, die zehn Jahre zuvor auf Seiten <a href=\"http:\/\/de.wikipedia.org\/wiki\/Thomas_M%C3%BCntzer\">Thomas M\u00fcntzers<\/a> und anderer Aufst\u00e4ndischer standen. Unter den Auswanderern ist die <a href=\"http:\/\/www.burks.de\/grafik\/ansorg.gif\">Familie Ansorg<\/a> aus <a href=\"http:\/\/de.wikipedia.org\/wiki\/Geyer\">Geyer<\/a> in Sachsen.<\/p>\n<p align=\"left\">Der Gouverneur Venezuelas ist <a href=\"http:\/\/de.wikipedia.org\/wiki\/Georg_Hohermuth_von_Speyer\">Georg Hohermuth<\/a>, ein Landsknechtsf\u00fchrer aus Speyer. Hohermuth bricht 1535 mit 800 Mann, darunter den Bergknappen, von Coro nach S\u00fcden auf, um El Dorado zu suchen. Er folgt den Spuren <a href=\"http:\/\/de.wikipedia.org\/wiki\/Nikolaus_Federmann\">Nikolaus Federmanns<\/a>, der einige Jahre vorher losgezogen, aber nur bis zum <a href=\"http:\/\/es.wikipedia.org\/wiki\/R%C3%ADo_Apure\">Rio Apure<\/a> gekommen war. <iframe style=\"width:120px;height:240px;\" align=\"right\" marginwidth=\"10\" marginheight=\"10\" scrolling=\"no\" frameborder=\"0\" src=\"\/\/ws-eu.amazon-adsystem.com\/widgets\/q?ServiceVersion=20070822&amp;OneJS=1&amp;Operation=GetAdHtml&amp;MarketPlace=DE&amp;source=ac&amp;ref=qf_sp_asin_til&amp;ad_type=product_link&amp;tracking_id=burkhardschroder&amp;marketplace=amazon&amp;region=DE&amp;placement=3499227541&amp;asins=3499227541&amp;linkId=U4NGK5CGTKEAK2ZU&amp;show_border=false&amp;link_opens_in_new_window=true\"><br \/>\n<\/iframe><\/p>\n<p align=\"left\">Die Entrada bleibt in der Regenzeit in den S\u00fcmpfen am Osthang der kolumbianischen Kordilleren stecken. In verlustreichen K\u00e4mpfen mit den &#8222;Indiern&#8220; werden die Landsknechte dezimiert.<\/p>\n<p align=\"left\">Am 19. Januar 1537 befiehlt der fieberkranke Hohermuth ein letzes Mal, einen <a href=\"http:\/\/maps.google.com\/maps?f=q&amp;hl=de&amp;geocode=&amp;time=&amp;date=&amp;ttype=&amp;q=colombia+villavicencio&amp;sll=37.0625,-95.677068&amp;sspn=56.375007,110.390625&amp;ie=UTF8&amp;ll=4.182415,-73.686848&amp;spn=0.140559,0.215607&amp;t=h&amp;z=13&amp;om=1\">Pass<\/a> hinauf in die Berge zu suchen, dort, wo El Dorado nach Augenzeugenberichten der Indianer in den Ebenen sein soll. Der Anf\u00fchrer des Trupps  mehrerer Dutzender M\u00e4nner ist Est\u00e9ban Martin, ein landeskundiger Spanier und Pfadfinder. Auch Burckhardt Ansorg, ein junger Bergknappe aus dem Erzgebirge, ist dabei, zudem Eduvigiz, eine indianische F\u00fchrerin und die Geliebte Hohermuths. Mitten in den Bergen ger\u00e4t der verlorene Haufen in einen Hinterhalt der <a href=\"http:\/\/es.wikipedia.org\/wiki\/Muisca\">Muisca<\/a>&#8230;.<\/p>\n<p><strong><a href=\"http:\/\/www.burks.de\/conq_lp.html\">Leseproben<\/a><\/strong><\/p>\n<p><strong>Personenglossar<\/strong><\/p>\n<p>Hier finden Sie das vollst\u00e4ndige Personen-Verzeichnis des Romans, mit vielen zus\u00e4tzlichen Informationen und externen Links. [<a href=\"http:\/\/www.burks.de\/conq\/persgl.html\">zum Personenglossar&#8230;<\/a>]<\/p>\n<p><strong>Sachglossar<\/strong><\/p>\n<p>Das Sachglossar erkl\u00e4rt detailliert alle Begriffe, die im Roman vorkommen &#8211; falls sie nicht wissen, was ein Katzbalger oder eine Kolbe sind, wie der Rausch nach dem Genuss des Niopa-Pulvers entsteht, gegen welche Krankheit &#8222;indisches Holz&#8220;angeblich wirkt oder wie die Muisca die Sonne nannten&#8230; Die Online-Version mit mehr als 200 externen Links ist ausf\u00fchrlicher als die gedruckte Version. [<a href=\"http:\/\/www.burks.de\/conq\/glossar.html\">zum Sachglossar&#8230;<\/a>]<\/p>\n<p><strong><a href=\"http:\/\/www.burks.de\/conq\/orte.html\">Ortsnamenregister<\/a><\/strong><\/p>\n<p><strong><br \/>\n<\/strong><strong><\/strong><strong>Zeittafel<\/strong><\/p>\n<p>Historische Ereignisse, die im Roman eine Rolle spielen: Am  12. Oktober 1492 &#8222;entdeckt&#8220; Christoph Kolumbus die Insel Guanahani. Am 13. April 1556 entzieht der Indienrat den Welsern die Statthalterschaft \u00fcber Venezuela. Und dazwischen ist viel geschehen&#8230; Der Roman spielt zwischen Dezember 1534 und Mai 1538.&nbsp;[<a href=\"http:\/\/www.burks.de\/conq\/zeit.html\">zur Zeittafel&#8230;<\/a>]<\/p>\n<p><strong>Epilog<\/strong><\/p>\n<p>Am dritten Juli 1805 schrieb Alexander von Humboldt einen Brief an den Botaniker Jos\u00e9 Celestino Mutis, dessen Gast er w\u00e4hrend seines Aufenthalts in Bogot\u00e1 war. Der Brief wurde nie ver\u00f6ffentlicht. Er blieb im Privatbesitz der Nachfahren Mutis&#8216;. Im Jahre 1952 verkaufte man ihn f\u00fcr eine ungenannte Summe an ein kleines, privat gef\u00fchrtes Museum. Dessen Eigent\u00fcmer, Doktor Rafael P. Granados, vermachte ihn im Jahre 1982 dem kirchlichen &#8222;Archivo de los Jesuitas&#8220; der Universit\u00e4t Javeriana in Bogot\u00e1. Der Brief umfasst rund dreissig eng beschriebene Seiten. Ausz\u00fcge werden hier zum ersten Mal abgedruckt. Er handelt von einer geheimnisvollen Axt in der Lagune von Guatavita. [<a href=\"http:\/\/www.burks.de\/conq\/epilog.html\">zum Epilog&#8230;<\/a>]<\/p>\n<p><strong>Unver\u00f6ffentlichtes<\/strong><\/p>\n<p>Hier finden Sie einige Szenen, die vom Autor oder vom Lektor aus unterschiedlichen Gr\u00fcnden gestrichen wurden, unter anderem eine Sex-Szene und das urspr\u00fcngliche f\u00fcnfte Kapitel &#8222;Federmann&#8220;. Sie sehen, wie das unkorrigierte Manuskript des Autors aussah&#8230;. [<a href=\"http:\/\/www.burks.de\/conq\/unv.html\">zu den unver\u00f6ffentlichten Manuskript-Passagen&#8230;<\/a>]<\/p>\n<p><strong>Karten online<\/strong><\/p>\n<p>Die Route der Entrada Hohermuths ist nicht exakt nachzuvollziehen. Hier finden Sie einige Karten Venezuelas und Kolumbiens von heute und aus den vergangenen Jahrhunderten (zur Ansicht und zum downloaden) sowie ethnologische Karten \u00fcber die indianischen V\u00f6lker, durch deren Siedlungsgebiet die Konquistadoren unter Hohermuth zogen. [<a href=\"http:\/\/www.burks.de\/conq\/karten.html\">zu den Karten&#8230;<\/a>]<\/p>\n<p><strong>Rezensionen<\/strong><\/p>\n<ul>\n<li><a href=\"http:\/\/www.burks.de\/grafik\/ha.jpg\">Hellweger Anzeiger<\/a>: Burkhard \u00fcber Burckhardt, 06.04.2001<\/li>\n<li><a href=\"http:\/\/www.burks.de\/grafik\/conq1.jpg\">TIP Berlin<\/a>: Der Eroberer, 29.08.2001<\/li>\n<\/ul>\n<p>Last update: 22.00.2022<\/p>\n<div class=\"pdfprnt-buttons pdfprnt-buttons-page pdfprnt-bottom-right\"><a href=\"https:\/\/www.burks.de\/burksblog\/wp-json\/wp\/v2\/pages\/115?print=pdf\" class=\"pdfprnt-button pdfprnt-button-pdf\" target=\"_blank\" ><img decoding=\"async\" src=\"https:\/\/www.burks.de\/burksblog\/wp-content\/plugins\/pdf-print\/images\/pdf.png\" alt=\"image_pdf\" title=\"PDF anzeigen\" \/><\/a><a href=\"https:\/\/www.burks.de\/burksblog\/wp-json\/wp\/v2\/pages\/115?print=print\" class=\"pdfprnt-button pdfprnt-button-print\" target=\"_blank\" ><img decoding=\"async\" src=\"https:\/\/www.burks.de\/burksblog\/wp-content\/plugins\/pdf-print\/images\/print.png\" alt=\"image_print\" title=\"Inhalt drucken\" \/><\/a><\/div><div class=\"twoclick_social_bookmarks_post_115 social_share_privacy clearfix 1.6.4 locale-de_DE sprite-de_DE\"><\/div><div class=\"twoclick-js\"><script type=\"text\/javascript\">\/* <![CDATA[ *\/\njQuery(document).ready(function($){if($('.twoclick_social_bookmarks_post_115')){$('.twoclick_social_bookmarks_post_115').socialSharePrivacy({\"services\":{\"facebook\":{\"status\":\"on\",\"txt_info\":\"2 Klicks f\\u00fcr mehr Datenschutz: Erst wenn Sie hier klicken, wird der Button aktiv und Sie k\\u00f6nnen Ihre Empfehlung an Facebook senden. Schon beim Aktivieren werden Daten an Dritte \\u00fcbertragen - siehe <em>i<\\\/em>.\",\"perma_option\":\"off\",\"action\":\"recommend\",\"language\":\"de_DE\"},\"twitter\":{\"reply_to\":\"\",\"tweet_text\":\"Die%20Konquistadoren%20%C2%BB%20Burks%27%20Blog%20-%20in%20dubio%20pro%20contra.%20De%20omnibus%20dubitandum.\",\"status\":\"on\",\"txt_info\":\"2 Klicks f\\u00fcr mehr Datenschutz: Erst wenn Sie hier klicken, wird der Button aktiv und Sie k\\u00f6nnen Ihre Empfehlung an Twitter senden. Schon beim Aktivieren werden Daten an Dritte \\u00fcbertragen - siehe <em>i<\\\/em>.\",\"perma_option\":\"off\",\"language\":\"de\",\"referrer_track\":\"\"}},\"txt_help\":\"Wenn Sie diese Felder durch einen Klick aktivieren, werden Informationen an Facebook, Twitter, Flattr, Xing, t3n, LinkedIn, Pinterest oder Google eventuell ins Ausland \\u00fcbertragen und unter Umst\\u00e4nden auch dort gespeichert. N\\u00e4heres erfahren Sie durch einen Klick auf das <em>i<\\\/em>.\",\"settings_perma\":\"Dauerhaft aktivieren und Daten\\u00fcber-tragung zustimmen:\",\"info_link\":\"http:\\\/\\\/www.heise.de\\\/ct\\\/artikel\\\/2-Klicks-fuer-mehr-Datenschutz-1333879.html\",\"uri\":\"https:\\\/\\\/www.burks.de\\\/burksblog\\\/die-konquistadoren\",\"post_id\":115,\"post_title_referrer_track\":\"Die+Konquistadoren\",\"display_infobox\":\"on\"});}});\n\/* ]]> *\/<\/script><\/div>","protected":false},"excerpt":{"rendered":"<p>Von Burkhard Schr\u00f6der Verlag: Rowohlt Tb. (2001) ISBN-10: 3499227541 ISBN-13: 978-3499227547 Vergriffen, Ausgabe restlos verkauft Suche im Zentralen Verzeichnis Antiquarischer B\u00fccher Gebraucht kaufen bei Amazon &#8222;Konkistadoorid&#8220; (Ausgabe in estnischer Sprache, Raubdruck), Odamees 2003 Gebraucht ersteigern bei eBay Der Plot Der Konzern der Welser erh\u00e4lt im 16. Jahrhundert von Kaiser Karl V. die Provinz Venezuela. Die [&hellip;]<\/p>\n","protected":false},"author":1,"featured_media":0,"parent":0,"menu_order":0,"comment_status":"open","ping_status":"open","template":"","meta":{"footnotes":""},"class_list":["post-115","page","type-page","status-publish","hentry"],"_links":{"self":[{"href":"https:\/\/www.burks.de\/burksblog\/wp-json\/wp\/v2\/pages\/115","targetHints":{"allow":["GET"]}}],"collection":[{"href":"https:\/\/www.burks.de\/burksblog\/wp-json\/wp\/v2\/pages"}],"about":[{"href":"https:\/\/www.burks.de\/burksblog\/wp-json\/wp\/v2\/types\/page"}],"author":[{"embeddable":true,"href":"https:\/\/www.burks.de\/burksblog\/wp-json\/wp\/v2\/users\/1"}],"replies":[{"embeddable":true,"href":"https:\/\/www.burks.de\/burksblog\/wp-json\/wp\/v2\/comments?post=115"}],"version-history":[{"count":7,"href":"https:\/\/www.burks.de\/burksblog\/wp-json\/wp\/v2\/pages\/115\/revisions"}],"predecessor-version":[{"id":49249,"href":"https:\/\/www.burks.de\/burksblog\/wp-json\/wp\/v2\/pages\/115\/revisions\/49249"}],"wp:attachment":[{"href":"https:\/\/www.burks.de\/burksblog\/wp-json\/wp\/v2\/media?parent=115"}],"curies":[{"name":"wp","href":"https:\/\/api.w.org\/{rel}","templated":true}]}}

<p><a href="http://www.amazon.de/Die-Konquistadoren-Burkhard-Schr%C3%B6der/dp/3499227541/burkhardschroder"><img decoding="async" src="https://www.burks.de/burksblog/pix/conq_neu.jpg" vspace="10" hspace="10" align="right" border="0" alt="konquistadoren"/></a><br />
Von Burkhard Schröder<br />
Verlag: Rowohlt Tb. (2001)<br />
ISBN-10: 3499227541<br />
ISBN-13: 978-3499227547<br />
Vergriffen, Ausgabe restlos verkauft</p>
<ul>
<li>Suche im <a href="http://www.zvab.com/">Zentralen Verzeichnis Antiquarischer Bücher</a></li>
<li>Gebraucht kaufen bei <a href="http://www.amazon.de/Die-Konquistadoren-Burkhard-Schr%C3%B6der/dp/3499227541/burkhardschroder/">Amazon</a></li>
<li>&#8222;<a href="https://www.raamatukoi.ee/konkistadoorid">Konkistadoorid</a>&#8220; (Ausgabe in estnischer Sprache, <a href="http://www.burks.de/forum/phpBB2/viewtopic.php?t=3607">Raubdruck</a>), Odamees 2003</li>
<li>Gebraucht ersteigern bei <a href="https://www.ebay.de/sch/i.html?_from=R40&amp;_trksid=m570.l1313&amp;_nkw=Die+Konquistadoren+Schr%C3%B6der&amp;_sacat=0">eBay</a></li>
</ul>
<p><strong>Der Plot</strong></p>
<p>Der Konzern der Welser erhält im 16. Jahrhundert von <a href="http://de.wikipedia.org/wiki/Karl_V._(HRR)">Kaiser Karl V.</a> die Provinz Venezuela. Die <a href="http://de.wikipedia.org/wiki/Welser">Welser</a> werben im Erzgebirge Bergknappen an, um in der Neuen Welt nach Gold zu suchen. Die meisten, die dem Ruf nach Gold folgen, stammen aus Orten, die zehn Jahre zuvor auf Seiten <a href="http://de.wikipedia.org/wiki/Thomas_M%C3%BCntzer">Thomas Müntzers</a> und anderer Aufständischer standen. Unter den Auswanderern ist die <a href="http://www.burks.de/grafik/ansorg.gif">Familie Ansorg</a> aus <a href="http://de.wikipedia.org/wiki/Geyer">Geyer</a> in Sachsen.</p>
<p align="left">Der Gouverneur Venezuelas ist <a href="http://de.wikipedia.org/wiki/Georg_Hohermuth_von_Speyer">Georg Hohermuth</a>, ein Landsknechtsführer aus Speyer. Hohermuth bricht 1535 mit 800 Mann, darunter den Bergknappen, von Coro nach Süden auf, um El Dorado zu suchen. Er folgt den Spuren <a href="http://de.wikipedia.org/wiki/Nikolaus_Federmann">Nikolaus Federmanns</a>, der einige Jahre vorher losgezogen, aber nur bis zum <a href="http://es.wikipedia.org/wiki/R%C3%ADo_Apure">Rio Apure</a> gekommen war. <iframe style="width:120px;height:240px;" align="right" marginwidth="10" marginheight="10" scrolling="no" frameborder="0" src="//ws-eu.amazon-adsystem.com/widgets/q?ServiceVersion=20070822&amp;OneJS=1&amp;Operation=GetAdHtml&amp;MarketPlace=DE&amp;source=ac&amp;ref=qf_sp_asin_til&amp;ad_type=product_link&amp;tracking_id=burkhardschroder&amp;marketplace=amazon&amp;region=DE&amp;placement=3499227541&amp;asins=3499227541&amp;linkId=U4NGK5CGTKEAK2ZU&amp;show_border=false&amp;link_opens_in_new_window=true"><br />
</iframe></p>
<p align="left">Die Entrada bleibt in der Regenzeit in den Sümpfen am Osthang der kolumbianischen Kordilleren stecken. In verlustreichen Kämpfen mit den &#8222;Indiern&#8220; werden die Landsknechte dezimiert.</p>
<p align="left">Am 19. Januar 1537 befiehlt der fieberkranke Hohermuth ein letzes Mal, einen <a href="http://maps.google.com/maps?f=q&amp;hl=de&amp;geocode=&amp;time=&amp;date=&amp;ttype=&amp;q=colombia+villavicencio&amp;sll=37.0625,-95.677068&amp;sspn=56.375007,110.390625&amp;ie=UTF8&amp;ll=4.182415,-73.686848&amp;spn=0.140559,0.215607&amp;t=h&amp;z=13&amp;om=1">Pass</a> hinauf in die Berge zu suchen, dort, wo El Dorado nach Augenzeugenberichten der Indianer in den Ebenen sein soll. Der Anführer des Trupps  mehrerer Dutzender Männer ist Estéban Martin, ein landeskundiger Spanier und Pfadfinder. Auch Burckhardt Ansorg, ein junger Bergknappe aus dem Erzgebirge, ist dabei, zudem Eduvigiz, eine indianische Führerin und die Geliebte Hohermuths. Mitten in den Bergen gerät der verlorene Haufen in einen Hinterhalt der <a href="http://es.wikipedia.org/wiki/Muisca">Muisca</a>&#8230;.</p>
<p><strong><a href="http://www.burks.de/conq_lp.html">Leseproben</a></strong></p>
<p><strong>Personenglossar</strong></p>
<p>Hier finden Sie das vollständige Personen-Verzeichnis des Romans, mit vielen zusätzlichen Informationen und externen Links. [<a href="http://www.burks.de/conq/persgl.html">zum Personenglossar&#8230;</a>]</p>
<p><strong>Sachglossar</strong></p>
<p>Das Sachglossar erklärt detailliert alle Begriffe, die im Roman vorkommen &#8211; falls sie nicht wissen, was ein Katzbalger oder eine Kolbe sind, wie der Rausch nach dem Genuss des Niopa-Pulvers entsteht, gegen welche Krankheit &#8222;indisches Holz&#8220;angeblich wirkt oder wie die Muisca die Sonne nannten&#8230; Die Online-Version mit mehr als 200 externen Links ist ausführlicher als die gedruckte Version. [<a href="http://www.burks.de/conq/glossar.html">zum Sachglossar&#8230;</a>]</p>
<p><strong><a href="http://www.burks.de/conq/orte.html">Ortsnamenregister</a></strong></p>
<p><strong><br />
</strong><strong></strong><strong>Zeittafel</strong></p>
<p>Historische Ereignisse, die im Roman eine Rolle spielen: Am  12. Oktober 1492 &#8222;entdeckt&#8220; Christoph Kolumbus die Insel Guanahani. Am 13. April 1556 entzieht der Indienrat den Welsern die Statthalterschaft über Venezuela. Und dazwischen ist viel geschehen&#8230; Der Roman spielt zwischen Dezember 1534 und Mai 1538.&nbsp;[<a href="http://www.burks.de/conq/zeit.html">zur Zeittafel&#8230;</a>]</p>
<p><strong>Epilog</strong></p>
<p>Am dritten Juli 1805 schrieb Alexander von Humboldt einen Brief an den Botaniker José Celestino Mutis, dessen Gast er während seines Aufenthalts in Bogotá war. Der Brief wurde nie veröffentlicht. Er blieb im Privatbesitz der Nachfahren Mutis&#8216;. Im Jahre 1952 verkaufte man ihn für eine ungenannte Summe an ein kleines, privat geführtes Museum. Dessen Eigentümer, Doktor Rafael P. Granados, vermachte ihn im Jahre 1982 dem kirchlichen &#8222;Archivo de los Jesuitas&#8220; der Universität Javeriana in Bogotá. Der Brief umfasst rund dreissig eng beschriebene Seiten. Auszüge werden hier zum ersten Mal abgedruckt. Er handelt von einer geheimnisvollen Axt in der Lagune von Guatavita. [<a href="http://www.burks.de/conq/epilog.html">zum Epilog&#8230;</a>]</p>
<p><strong>Unveröffentlichtes</strong></p>
<p>Hier finden Sie einige Szenen, die vom Autor oder vom Lektor aus unterschiedlichen Gründen gestrichen wurden, unter anderem eine Sex-Szene und das ursprüngliche fünfte Kapitel &#8222;Federmann&#8220;. Sie sehen, wie das unkorrigierte Manuskript des Autors aussah&#8230;. [<a href="http://www.burks.de/conq/unv.html">zu den unveröffentlichten Manuskript-Passagen&#8230;</a>]</p>
<p><strong>Karten online</strong></p>
<p>Die Route der Entrada Hohermuths ist nicht exakt nachzuvollziehen. Hier finden Sie einige Karten Venezuelas und Kolumbiens von heute und aus den vergangenen Jahrhunderten (zur Ansicht und zum downloaden) sowie ethnologische Karten über die indianischen Völker, durch deren Siedlungsgebiet die Konquistadoren unter Hohermuth zogen. [<a href="http://www.burks.de/conq/karten.html">zu den Karten&#8230;</a>]</p>
<p><strong>Rezensionen</strong></p>
<ul>
<li><a href="http://www.burks.de/grafik/ha.jpg">Hellweger Anzeiger</a>: Burkhard über Burckhardt, 06.04.2001</li>
<li><a href="http://www.burks.de/grafik/conq1.jpg">TIP Berlin</a>: Der Eroberer, 29.08.2001</li>
</ul>
<p>Last update: 22.00.2022</p>
<div class="pdfprnt-buttons pdfprnt-buttons-page pdfprnt-bottom-right"><a href="https://www.burks.de/burksblog/wp-json/wp/v2/pages/115?print=pdf" class="pdfprnt-button pdfprnt-button-pdf" target="_blank" ><img decoding="async" src="https://www.burks.de/burksblog/wp-content/plugins/pdf-print/images/pdf.png" alt="image_pdf" title="PDF anzeigen" /></a><a href="https://www.burks.de/burksblog/wp-json/wp/v2/pages/115?print=print" class="pdfprnt-button pdfprnt-button-print" target="_blank" ><img decoding="async" src="https://www.burks.de/burksblog/wp-content/plugins/pdf-print/images/print.png" alt="image_print" title="Inhalt drucken" /></a></div><div class="twoclick_social_bookmarks_post_115 social_share_privacy clearfix 1.6.4 locale-de_DE sprite-de_DE"></div><div class="twoclick-js"><script type="text/javascript">/* <![CDATA[ */
jQuery(document).ready(function($){if($('.twoclick_social_bookmarks_post_115')){$('.twoclick_social_bookmarks_post_115').socialSharePrivacy({"services":{"facebook":{"status":"on","txt_info":"2 Klicks f\u00fcr mehr Datenschutz: Erst wenn Sie hier klicken, wird der Button aktiv und Sie k\u00f6nnen Ihre Empfehlung an Facebook senden. Schon beim Aktivieren werden Daten an Dritte \u00fcbertragen - siehe <em>i<\/em>.","perma_option":"off","action":"recommend","language":"de_DE"},"twitter":{"reply_to":"","tweet_text":"Die%20Konquistadoren%20%C2%BB%20Burks%27%20Blog%20-%20in%20dubio%20pro%20contra.%20De%20omnibus%20dubitandum.","status":"on","txt_info":"2 Klicks f\u00fcr mehr Datenschutz: Erst wenn Sie hier klicken, wird der Button aktiv und Sie k\u00f6nnen Ihre Empfehlung an Twitter senden. Schon beim Aktivieren werden Daten an Dritte \u00fcbertragen - siehe <em>i<\/em>.","perma_option":"off","language":"de","referrer_track":""}},"txt_help":"Wenn Sie diese Felder durch einen Klick aktivieren, werden Informationen an Facebook, Twitter, Flattr, Xing, t3n, LinkedIn, Pinterest oder Google eventuell ins Ausland \u00fcbertragen und unter Umst\u00e4nden auch dort gespeichert. N\u00e4heres erfahren Sie durch einen Klick auf das <em>i<\/em>.","settings_perma":"Dauerhaft aktivieren und Daten\u00fcber-tragung zustimmen:","info_link":"http:\/\/www.heise.de\/ct\/artikel\/2-Klicks-fuer-mehr-Datenschutz-1333879.html","uri":"https:\/\/www.burks.de\/burksblog\/die-konquistadoren","post_id":115,"post_title_referrer_track":"Die+Konquistadoren","display_infobox":"on"});}});
/* ]]> */</script></div>

<p>Von Burkhard Schröder Verlag: Rowohlt Tb. (2001) ISBN-10: 3499227541 ISBN-13: 978-3499227547 Vergriffen, Ausgabe restlos verkauft Suche im Zentralen Verzeichnis Antiquarischer Bücher Gebraucht kaufen bei Amazon &#8222;Konkistadoorid&#8220; (Ausgabe in estnischer Sprache, Raubdruck), Odamees 2003 Gebraucht ersteigern bei eBay Der Plot Der Konzern der Welser erhält im 16. Jahrhundert von Kaiser Karl V. die Provinz Venezuela. Die [&hellip;]</p>
